{"id":26,"date":"2025-12-21T14:57:44","date_gmt":"2025-12-21T11:57:44","guid":{"rendered":"https:\/\/fpytontemellerif.free.nf\/?page_id=26"},"modified":"2026-03-16T20:37:44","modified_gmt":"2026-03-16T17:37:44","slug":"ilk-python-kodu","status":"publish","type":"page","link":"https:\/\/www.fpytontemellerif.com.tr\/?page_id=26","title":{"rendered":"\u0130LK PYTHON KODU"},"content":{"rendered":"\n<h3 class=\"wp-block-heading\">Konuya Giri\u015f<\/h3>\n\n\n\n<p>Python \u00f6\u011frenirken ilk olarak basit bir kod yazarak program\u0131n \u00e7al\u0131\u015f\u0131p \u00e7al\u0131\u015fmad\u0131\u011f\u0131n\u0131 g\u00f6rmek gerekir. Bu a\u015famada ama\u00e7, Python\u2019un komutlar\u0131 alg\u0131lad\u0131\u011f\u0131n\u0131 ve ekrana \u00e7\u0131kt\u0131 verebildi\u011fini g\u00f6zlemlemektir.<\/p>\n\n\n\n<h3 class=\"wp-block-heading\">\u00d6\u011frenme S\u00fcreci<\/h3>\n\n\n\n<p>\u00d6\u011frenme s\u00fcrecinin bu b\u00f6l\u00fcm\u00fcnde karma\u015f\u0131k i\u015flemlerden ka\u00e7\u0131n\u0131lm\u0131\u015f ve sadece temel bir komut kullan\u0131lm\u0131\u015ft\u0131r. Yap\u0131lan denemeler sonucunda Python\u2019un yaz\u0131lan komutu an\u0131nda \u00e7al\u0131\u015ft\u0131rd\u0131\u011f\u0131 g\u00f6r\u00fclm\u00fc\u015ft\u00fcr.<\/p>\n\n\n\n<h3 class=\"wp-block-heading\">Kodlar<\/h3>\n\n\n\n<p>Python\u2019da ekrana yaz\u0131 yazd\u0131rmak i\u00e7in kullan\u0131lan temel kod a\u015fa\u011f\u0131daki gibidir:<\/p>\n\n\n\n<pre class=\"wp-block-code\"><code>print(\"Merhaba D\u00fcnya\")<\/code><\/pre>\n\n\n\n<p>Bu kod \u00e7al\u0131\u015ft\u0131r\u0131ld\u0131\u011f\u0131nda ekrana \u201cMerhaba D\u00fcnya\u201d yaz\u0131s\u0131 yazd\u0131r\u0131lm\u0131\u015ft\u0131r.<\/p>\n\n\n\n<h3 class=\"wp-block-heading\">Kar\u015f\u0131la\u015f\u0131lan Hatalar<\/h3>\n\n\n\n<p>\u0130lk denemelerde parantezlerin veya t\u0131rnak i\u015faretlerinin eksik yaz\u0131lmas\u0131 nedeniyle hata al\u0131nm\u0131\u015ft\u0131r. Bu hatalar incelenmi\u015f ve Python\u2019da yaz\u0131m kurallar\u0131n\u0131n \u00f6nemli oldu\u011fu anla\u015f\u0131lm\u0131\u015ft\u0131r.<\/p>\n\n\n\n<pre class=\"wp-block-code\"><code>print(Merhaba D\u00fcnya)<\/code><\/pre>\n\n\n\n<p>Yukar\u0131daki kodda t\u0131rnak olmad\u0131\u011f\u0131 i\u00e7in hata olu\u015fmu\u015ftur.<\/p>\n\n\n\n<h3 class=\"wp-block-heading\">Sonu\u00e7<\/h3>\n\n\n\n<p>Bu konu sayesinde Python\u2019da en basit kodun nas\u0131l yaz\u0131ld\u0131\u011f\u0131 \u00f6\u011frenilmi\u015f ve programlama s\u00fcrecine ilk ad\u0131m at\u0131lm\u0131\u015ft\u0131r.<\/p>\n\n\n\n<div class=\"wp-block-buttons is-layout-flex wp-block-buttons-is-layout-flex\">\n<div class=\"wp-block-button\"><a class=\"wp-block-button__link wp-element-button\" href=\"https:\/\/www.fpytontemellerif.com.tr\/?page_id=28\">Devam etmek \u0130\u00e7in t\u0131klay\u0131n<\/a><\/div>\n<\/div>\n\n\n\n<p><\/p>\n","protected":false},"excerpt":{"rendered":"<p>Konuya Giri\u015f Python \u00f6\u011frenirken ilk olarak basit bir kod yazarak program\u0131n \u00e7al\u0131\u015f\u0131p \u00e7al\u0131\u015fmad\u0131\u011f\u0131n\u0131 g\u00f6rmek gerekir. Bu a\u015famada ama\u00e7, Python\u2019un komutlar\u0131 alg\u0131lad\u0131\u011f\u0131n\u0131 ve ekrana \u00e7\u0131kt\u0131 verebildi\u011fini g\u00f6zlemlemektir. \u00d6\u011frenme S\u00fcreci \u00d6\u011frenme s\u00fcrecinin bu b\u00f6l\u00fcm\u00fcnde karma\u015f\u0131k i\u015flemlerden ka\u00e7\u0131n\u0131lm\u0131\u015f ve sadece temel bir komut<\/p>\n<p><a href=\"https:\/\/www.fpytontemellerif.com.tr\/?page_id=26\" class=\"awp-btn awp-btn-secondary awp-btn-bubble\">Continue Reading<span class=\"screen-reader-text\">\u0130LK PYTHON KODU<\/span><i class=\"fa fa-arrow-right\"><\/i><span class=\"bubble_effect\"><span class=\"circle top-left\"><\/span><span class=\"circle top-left\"><\/span><span class=\"circle top-left\"><\/span>\t<span class=\"button effect-button\"><\/span><span class=\"circle bottom-right\"><\/span>\t<span class=\"circle bottom-right\"><\/span><span class=\"circle bottom-right\"><\/span><\/span><\/a><\/p>\n","protected":false},"author":1,"featured_media":0,"parent":0,"menu_order":0,"comment_status":"closed","ping_status":"closed","template":"","meta":{"_monsterinsights_skip_tracking":false,"_monsterinsights_sitenote_active":false,"_monsterinsights_sitenote_note":"","_monsterinsights_sitenote_category":0,"footnotes":""},"class_list":["post-26","page","type-page","status-publish","hentry"],"_links":{"self":[{"href":"https:\/\/www.fpytontemellerif.com.tr\/index.php?rest_route=\/wp\/v2\/pages\/26","targetHints":{"allow":["GET"]}}],"collection":[{"href":"https:\/\/www.fpytontemellerif.com.tr\/index.php?rest_route=\/wp\/v2\/pages"}],"about":[{"href":"https:\/\/www.fpytontemellerif.com.tr\/index.php?rest_route=\/wp\/v2\/types\/page"}],"author":[{"embeddable":true,"href":"https:\/\/www.fpytontemellerif.com.tr\/index.php?rest_route=\/wp\/v2\/users\/1"}],"replies":[{"embeddable":true,"href":"https:\/\/www.fpytontemellerif.com.tr\/index.php?rest_route=%2Fwp%2Fv2%2Fcomments&post=26"}],"version-history":[{"count":2,"href":"https:\/\/www.fpytontemellerif.com.tr\/index.php?rest_route=\/wp\/v2\/pages\/26\/revisions"}],"predecessor-version":[{"id":482,"href":"https:\/\/www.fpytontemellerif.com.tr\/index.php?rest_route=\/wp\/v2\/pages\/26\/revisions\/482"}],"wp:attachment":[{"href":"https:\/\/www.fpytontemellerif.com.tr\/index.php?rest_route=%2Fwp%2Fv2%2Fmedia&parent=26"}],"curies":[{"name":"wp","href":"https:\/\/api.w.org\/{rel}","templated":true}]}}